{"id":42,"date":"2026-01-18T20:19:20","date_gmt":"2026-01-18T19:19:20","guid":{"rendered":"http:\/\/rtd.radom.pl\/?page_id=42"},"modified":"2026-01-22T13:52:44","modified_gmt":"2026-01-22T12:52:44","slug":"historia","status":"publish","type":"page","link":"https:\/\/rtd.radom.pl\/?page_id=42","title":{"rendered":"HISTORIA"},"content":{"rendered":"\n<p>ODS\u0141UCHAJ<\/p>\n\n\n\n<figure class=\"wp-block-audio\"><audio controls src=\"https:\/\/rtd.radom.pl\/wp-content\/uploads\/2026\/01\/historia.mp3\"><\/audio><\/figure>\n\n\n\n<h2 class=\"wp-block-heading\">HISTORIA RADOMSKIEGO TOWARZYSTWA DOBROCZYNNO\u015aCI<\/h2>\n\n\n\n<p>Pierwsze w Polsce Towarzystwo Dobroczynno\u015bci powsta\u0142o w Wilnie w 1807r, a kolejne w Warszawie w 1814r oraz w Radomiu w roku 1815 z inicjatywy \u00f3wczesnego prezydenta miasta J\u00f3zefa Kr\u00f3likowskiego i dzia\u0142a\u0142o do 1842r. W 1874r Towarzystwo Dobroczynno\u015bci zosta\u0142o reaktywowane i prowadzi\u0142o dzia\u0142alno\u015b\u0107 a\u017c do II wojny \u015bwiatowej.<br>\u00d3wczesne inicjatywy pozostawi\u0142y trwa\u0142e \u015blady, kt\u00f3re s\u0105 widoczne do dnia dzisiejszego. Zosta\u0142y opisane przez Wies\u0142awa M. Kowalika i przedstawione we &#8222;Wczoraj i Dzi\u015b Radomia&#8221; Nr 1(21)\/2004 wydawane przez Spo\u0142eczny Komitet Ratowania Zabytk\u00f3w Radomia.<\/p>\n\n\n\n<h2 class=\"wp-block-heading\">Dobroczynno\u015b\u0107 dzisiaj<\/h2>\n\n\n\n<p>Dzisiejsze Radomskie Towarzystwo Dobroczynno\u015bci zosta\u0142o powo\u0142ane 24 marca 1994 roku na bazie Forum Pomocy Spo\u0142ecznej dzia\u0142aj\u0105cym przy Zarz\u0105dzie Miasta Radomia. Duchowym ojcem i inicjatorem by\u0142 ks. profesor Stanis\u0142aw Makarewicz. Patronat nad powstaniem sprawowa\u0142 \u00f3wczesny Prezydent Miasta Radomia. Liczba cz\u0142onk\u00f3w inicjator\u00f3w liczy\u0142a 20 os\u00f3b, w\u015br\u00f3d kt\u00f3rych znalaz\u0142y si\u0119 osoby duchowne, osoby zajmuj\u0105ce si\u0119 zawodowo pomoc\u0105 spo\u0142eczn\u0105, osoby publiczne oraz osoby prywatne, kt\u00f3rym los ludzi potrzebuj\u0105cych nie by\u0142 oboj\u0119tny. Siedziba tymczasowa znajdowa\u0142a si\u0119 przy ul. Wary\u0144skiego 16a. Radomskie Towarzystwo Dobroczynno\u015bci z siedzib\u0105 w Radomiu przy ul. Limanowskiego 134 zosta\u0142o wpisane do rejestru Stowarzysze\u0144 pod Nr 582 w S\u0105dzie Wojew\u00f3dzkim w Radomiu 7.09.1994r. Osobowo\u015b\u0107 prawn\u0105 Towarzystwo otrzyma\u0142o przez S\u0105d Wojew\u00f3dzki I Wydzia\u0142 Cywilny w Radomiu. Dzia\u0142a ono wedle chrze\u015bcija\u0144skiej zasady pomocy bli\u017aniemu &#8211; niesienie mieszka\u0144com miasta Radomia pomocy w zaspokajaniu potrzeb materialnych, a tak\u017ce kszta\u0142towanie w spo\u0142ecze\u0144stwie wra\u017cliwo\u015bci na potrzeby ludzi &#8211; szczeg\u00f3lnie rodziny.<\/p>\n\n\n\n<h2 class=\"wp-block-heading\">Bale charytatywne<\/h2>\n\n\n\n<p>Towarzystwo zainicjowa\u0142o organizacj\u0119 bali charytatywnych w mie\u015bcie 29.01.1995r. Bale odbywa\u0142y si\u0119 przez kolejne 5 lat. Dochody z bali oraz inne od darczy\u0144c\u00f3w przeznaczane by\u0142y na do\u017cywianie dzieci biednych w mie\u015bcie, nauk\u0119 j\u0119zyka angielskiego, paczki dla biednych dzieci, organizacj\u0119 zabaw dzieci\u0119cych, pomoc w indywidualnych trudnych sytuacjach \u017cyciowych, kt\u00f3re zg\u0142aszali sami potrzebuj\u0105cy, przekazywanie odzie\u017cy i obuwia dla dzieci, \u017cywno\u015bci dla rodzin wymagaj\u0105cych pomocy. Pr\u00f3cz dzia\u0142alno\u015bci charytatywnej Towarzystwo prowadzi\u0142o tak\u017ce dzia\u0142alno\u015b\u0107 edukacyjn\u0105, prowadzone by\u0142y wyk\u0142ady dla mieszka\u0144c\u00f3w Radomia z zakresu promocji zdrowia.<\/p>\n\n\n\n<h2 class=\"wp-block-heading\">Wsp\u00f3\u0142praca<\/h2>\n\n\n\n<p>Od 2000roku stowarzyszenie rozszerza swoj\u0105 dzia\u0142alno\u015b\u0107: zwi\u0119ksza dzia\u0142ania charytatywne m. in. przyst\u0119puj\u0105c do wsp\u00f3\u0142pracy z Radomskim Bankiem \u017bywno\u015bci, realizuje zadania edukacyjne w dziedzinie pomocy spo\u0142ecznej, tworzy projekty pomocowe na rzecz spo\u0142eczno\u015bci lokalnej, mobilizuje do wsp\u00f3lnego dzia\u0142ania organizacje lokalne i przygotowuje dla nich wsparcie.<\/p>\n","protected":false},"excerpt":{"rendered":"<p>ODS\u0141UCHAJ HISTORIA RADOMSKIEGO TOWARZYSTWA DOBROCZYNNO\u015aCI Pierwsze w Polsce Towarzystwo Dobroczynno\u015bci powsta\u0142o w Wilnie w 1807r, a kolejne w Warszawie w 1814r oraz w Radomiu w roku 1815 z inicjatywy \u00f3wczesnego prezydenta miasta J\u00f3zefa Kr\u00f3likowskiego i dzia\u0142a\u0142o do 1842r. W 1874r Towarzystwo Dobroczynno\u015bci zosta\u0142o reaktywowane i prowadzi\u0142o dzia\u0142alno\u015b\u0107 a\u017c do II wojny \u015bwiatowej.\u00d3wczesne inicjatywy pozostawi\u0142y trwa\u0142e [&hellip;]<\/p>\n","protected":false},"author":1,"featured_media":137,"parent":0,"menu_order":0,"comment_status":"closed","ping_status":"closed","template":"","meta":{"footnotes":""},"class_list":["post-42","page","type-page","status-publish","has-post-thumbnail","hentry"],"yoast_head":"<!-- This site is optimized with the Yoast SEO plugin v26.7 - https:\/\/yoast.com\/wordpress\/plugins\/seo\/ -->\n<title>HISTORIA - Radomskie Towarzystwo Dobroczynno\u015bci<\/title>\n<meta name=\"description\" content=\"Strona zawiera informacj\u0119 dotycz\u0105c\u0105 powstania i dzia\u0142a\u0144 podejmowanych przez RTD na przestrzeni 30 lat dzia\u0142alno\u015bci.\" \/>\n<meta name=\"robots\" content=\"index, follow, max-snippet:-1, max-image-preview:large, max-video-preview:-1\" \/>\n<link rel=\"canonical\" href=\"https:\/\/rtd.radom.pl\/?page_id=42\" \/>\n<meta property=\"og:locale\" content=\"pl_PL\" \/>\n<meta property=\"og:type\" content=\"article\" \/>\n<meta property=\"og:title\" content=\"HISTORIA - Radomskie Towarzystwo Dobroczynno\u015bci\" \/>\n<meta property=\"og:description\" content=\"Strona zawiera informacj\u0119 dotycz\u0105c\u0105 powstania i dzia\u0142a\u0144 podejmowanych przez RTD na przestrzeni 30 lat dzia\u0142alno\u015bci.\" \/>\n<meta property=\"og:url\" content=\"https:\/\/rtd.radom.pl\/?page_id=42\" \/>\n<meta property=\"og:site_name\" content=\"Radomskie Towarzystwo Dobroczynno\u015bci\" \/>\n<meta property=\"article:modified_time\" content=\"2026-01-22T12:52:44+00:00\" \/>\n<meta property=\"og:image\" content=\"https:\/\/rtd.radom.pl\/wp-content\/uploads\/2026\/01\/stare_miasto.jpg\" \/>\n\t<meta property=\"og:image:width\" content=\"1600\" \/>\n\t<meta property=\"og:image:height\" content=\"896\" \/>\n\t<meta property=\"og:image:type\" content=\"image\/jpeg\" \/>\n<meta name=\"twitter:card\" content=\"summary_large_image\" \/>\n<meta name=\"twitter:label1\" content=\"Szacowany czas czytania\" \/>\n\t<meta name=\"twitter:data1\" content=\"3 minuty\" \/>\n<script type=\"application\/ld+json\" class=\"yoast-schema-graph\">{\"@context\":\"https:\/\/schema.org\",\"@graph\":[{\"@type\":\"WebPage\",\"@id\":\"https:\/\/rtd.radom.pl\/?page_id=42\",\"url\":\"https:\/\/rtd.radom.pl\/?page_id=42\",\"name\":\"HISTORIA - Radomskie Towarzystwo Dobroczynno\u015bci\",\"isPartOf\":{\"@id\":\"https:\/\/rtd.radom.pl\/#website\"},\"primaryImageOfPage\":{\"@id\":\"https:\/\/rtd.radom.pl\/?page_id=42#primaryimage\"},\"image\":{\"@id\":\"https:\/\/rtd.radom.pl\/?page_id=42#primaryimage\"},\"thumbnailUrl\":\"https:\/\/rtd.radom.pl\/wp-content\/uploads\/2026\/01\/stare_miasto.jpg\",\"datePublished\":\"2026-01-18T19:19:20+00:00\",\"dateModified\":\"2026-01-22T12:52:44+00:00\",\"description\":\"Strona zawiera informacj\u0119 dotycz\u0105c\u0105 powstania i dzia\u0142a\u0144 podejmowanych przez RTD na przestrzeni 30 lat dzia\u0142alno\u015bci.\",\"breadcrumb\":{\"@id\":\"https:\/\/rtd.radom.pl\/?page_id=42#breadcrumb\"},\"inLanguage\":\"pl-PL\",\"potentialAction\":[{\"@type\":\"ReadAction\",\"target\":[\"https:\/\/rtd.radom.pl\/?page_id=42\"]}]},{\"@type\":\"ImageObject\",\"inLanguage\":\"pl-PL\",\"@id\":\"https:\/\/rtd.radom.pl\/?page_id=42#primaryimage\",\"url\":\"https:\/\/rtd.radom.pl\/wp-content\/uploads\/2026\/01\/stare_miasto.jpg\",\"contentUrl\":\"https:\/\/rtd.radom.pl\/wp-content\/uploads\/2026\/01\/stare_miasto.jpg\",\"width\":1600,\"height\":896},{\"@type\":\"BreadcrumbList\",\"@id\":\"https:\/\/rtd.radom.pl\/?page_id=42#breadcrumb\",\"itemListElement\":[{\"@type\":\"ListItem\",\"position\":1,\"name\":\"Home\",\"item\":\"https:\/\/rtd.radom.pl\/\"},{\"@type\":\"ListItem\",\"position\":2,\"name\":\"HISTORIA\"}]},{\"@type\":\"WebSite\",\"@id\":\"https:\/\/rtd.radom.pl\/#website\",\"url\":\"https:\/\/rtd.radom.pl\/\",\"name\":\"Radomskie Towarzystwo Dobroczynno\u015bci\",\"description\":\"Jeste\u015bmy Organizacj\u0105 Po\u017cytku Publicznego\",\"publisher\":{\"@id\":\"https:\/\/rtd.radom.pl\/#organization\"},\"potentialAction\":[{\"@type\":\"SearchAction\",\"target\":{\"@type\":\"EntryPoint\",\"urlTemplate\":\"https:\/\/rtd.radom.pl\/?s={search_term_string}\"},\"query-input\":{\"@type\":\"PropertyValueSpecification\",\"valueRequired\":true,\"valueName\":\"search_term_string\"}}],\"inLanguage\":\"pl-PL\"},{\"@type\":\"Organization\",\"@id\":\"https:\/\/rtd.radom.pl\/#organization\",\"name\":\"Radomskie Towarzystwo Dobroczynno\u015bci\",\"url\":\"https:\/\/rtd.radom.pl\/\",\"logo\":{\"@type\":\"ImageObject\",\"inLanguage\":\"pl-PL\",\"@id\":\"https:\/\/rtd.radom.pl\/#\/schema\/logo\/image\/\",\"url\":\"https:\/\/rtd.radom.pl\/wp-content\/uploads\/2026\/01\/rtd_logo_tr.png\",\"contentUrl\":\"https:\/\/rtd.radom.pl\/wp-content\/uploads\/2026\/01\/rtd_logo_tr.png\",\"width\":545,\"height\":512,\"caption\":\"Radomskie Towarzystwo Dobroczynno\u015bci\"},\"image\":{\"@id\":\"https:\/\/rtd.radom.pl\/#\/schema\/logo\/image\/\"}}]}<\/script>\n<!-- \/ Yoast SEO plugin. -->","yoast_head_json":{"title":"HISTORIA - Radomskie Towarzystwo Dobroczynno\u015bci","description":"Strona zawiera informacj\u0119 dotycz\u0105c\u0105 powstania i dzia\u0142a\u0144 podejmowanych przez RTD na przestrzeni 30 lat dzia\u0142alno\u015bci.","robots":{"index":"index","follow":"follow","max-snippet":"max-snippet:-1","max-image-preview":"max-image-preview:large","max-video-preview":"max-video-preview:-1"},"canonical":"https:\/\/rtd.radom.pl\/?page_id=42","og_locale":"pl_PL","og_type":"article","og_title":"HISTORIA - Radomskie Towarzystwo Dobroczynno\u015bci","og_description":"Strona zawiera informacj\u0119 dotycz\u0105c\u0105 powstania i dzia\u0142a\u0144 podejmowanych przez RTD na przestrzeni 30 lat dzia\u0142alno\u015bci.","og_url":"https:\/\/rtd.radom.pl\/?page_id=42","og_site_name":"Radomskie Towarzystwo Dobroczynno\u015bci","article_modified_time":"2026-01-22T12:52:44+00:00","og_image":[{"width":1600,"height":896,"url":"https:\/\/rtd.radom.pl\/wp-content\/uploads\/2026\/01\/stare_miasto.jpg","type":"image\/jpeg"}],"twitter_card":"summary_large_image","twitter_misc":{"Szacowany czas czytania":"3 minuty"},"schema":{"@context":"https:\/\/schema.org","@graph":[{"@type":"WebPage","@id":"https:\/\/rtd.radom.pl\/?page_id=42","url":"https:\/\/rtd.radom.pl\/?page_id=42","name":"HISTORIA - Radomskie Towarzystwo Dobroczynno\u015bci","isPartOf":{"@id":"https:\/\/rtd.radom.pl\/#website"},"primaryImageOfPage":{"@id":"https:\/\/rtd.radom.pl\/?page_id=42#primaryimage"},"image":{"@id":"https:\/\/rtd.radom.pl\/?page_id=42#primaryimage"},"thumbnailUrl":"https:\/\/rtd.radom.pl\/wp-content\/uploads\/2026\/01\/stare_miasto.jpg","datePublished":"2026-01-18T19:19:20+00:00","dateModified":"2026-01-22T12:52:44+00:00","description":"Strona zawiera informacj\u0119 dotycz\u0105c\u0105 powstania i dzia\u0142a\u0144 podejmowanych przez RTD na przestrzeni 30 lat dzia\u0142alno\u015bci.","breadcrumb":{"@id":"https:\/\/rtd.radom.pl\/?page_id=42#breadcrumb"},"inLanguage":"pl-PL","potentialAction":[{"@type":"ReadAction","target":["https:\/\/rtd.radom.pl\/?page_id=42"]}]},{"@type":"ImageObject","inLanguage":"pl-PL","@id":"https:\/\/rtd.radom.pl\/?page_id=42#primaryimage","url":"https:\/\/rtd.radom.pl\/wp-content\/uploads\/2026\/01\/stare_miasto.jpg","contentUrl":"https:\/\/rtd.radom.pl\/wp-content\/uploads\/2026\/01\/stare_miasto.jpg","width":1600,"height":896},{"@type":"BreadcrumbList","@id":"https:\/\/rtd.radom.pl\/?page_id=42#breadcrumb","itemListElement":[{"@type":"ListItem","position":1,"name":"Home","item":"https:\/\/rtd.radom.pl\/"},{"@type":"ListItem","position":2,"name":"HISTORIA"}]},{"@type":"WebSite","@id":"https:\/\/rtd.radom.pl\/#website","url":"https:\/\/rtd.radom.pl\/","name":"Radomskie Towarzystwo Dobroczynno\u015bci","description":"Jeste\u015bmy Organizacj\u0105 Po\u017cytku Publicznego","publisher":{"@id":"https:\/\/rtd.radom.pl\/#organization"},"potentialAction":[{"@type":"SearchAction","target":{"@type":"EntryPoint","urlTemplate":"https:\/\/rtd.radom.pl\/?s={search_term_string}"},"query-input":{"@type":"PropertyValueSpecification","valueRequired":true,"valueName":"search_term_string"}}],"inLanguage":"pl-PL"},{"@type":"Organization","@id":"https:\/\/rtd.radom.pl\/#organization","name":"Radomskie Towarzystwo Dobroczynno\u015bci","url":"https:\/\/rtd.radom.pl\/","logo":{"@type":"ImageObject","inLanguage":"pl-PL","@id":"https:\/\/rtd.radom.pl\/#\/schema\/logo\/image\/","url":"https:\/\/rtd.radom.pl\/wp-content\/uploads\/2026\/01\/rtd_logo_tr.png","contentUrl":"https:\/\/rtd.radom.pl\/wp-content\/uploads\/2026\/01\/rtd_logo_tr.png","width":545,"height":512,"caption":"Radomskie Towarzystwo Dobroczynno\u015bci"},"image":{"@id":"https:\/\/rtd.radom.pl\/#\/schema\/logo\/image\/"}}]}},"_links":{"self":[{"href":"https:\/\/rtd.radom.pl\/index.php?rest_route=\/wp\/v2\/pages\/42","targetHints":{"allow":["GET"]}}],"collection":[{"href":"https:\/\/rtd.radom.pl\/index.php?rest_route=\/wp\/v2\/pages"}],"about":[{"href":"https:\/\/rtd.radom.pl\/index.php?rest_route=\/wp\/v2\/types\/page"}],"author":[{"embeddable":true,"href":"https:\/\/rtd.radom.pl\/index.php?rest_route=\/wp\/v2\/users\/1"}],"replies":[{"embeddable":true,"href":"https:\/\/rtd.radom.pl\/index.php?rest_route=%2Fwp%2Fv2%2Fcomments&post=42"}],"version-history":[{"count":4,"href":"https:\/\/rtd.radom.pl\/index.php?rest_route=\/wp\/v2\/pages\/42\/revisions"}],"predecessor-version":[{"id":276,"href":"https:\/\/rtd.radom.pl\/index.php?rest_route=\/wp\/v2\/pages\/42\/revisions\/276"}],"wp:featuredmedia":[{"embeddable":true,"href":"https:\/\/rtd.radom.pl\/index.php?rest_route=\/wp\/v2\/media\/137"}],"wp:attachment":[{"href":"https:\/\/rtd.radom.pl\/index.php?rest_route=%2Fwp%2Fv2%2Fmedia&parent=42"}],"curies":[{"name":"wp","href":"https:\/\/api.w.org\/{rel}","templated":true}]}}