{"id":29,"date":"2026-01-18T19:51:05","date_gmt":"2026-01-18T18:51:05","guid":{"rendered":"http:\/\/rtd.radom.pl\/?page_id=29"},"modified":"2026-01-23T13:51:16","modified_gmt":"2026-01-23T12:51:16","slug":"swietlica","status":"publish","type":"page","link":"https:\/\/rtd.radom.pl\/?page_id=29","title":{"rendered":"\u015aWIETLICA"},"content":{"rendered":"\n<p>ODS\u0141UCHAJ<\/p>\n\n\n\n<figure class=\"wp-block-audio\"><audio controls src=\"https:\/\/rtd.radom.pl\/wp-content\/uploads\/2026\/01\/swietlica.mp3\"><\/audio><\/figure>\n\n\n\n<p>Radomskie Towarzystwo Dobroczynno\u015bci od roku 2003 prowadzi \u015bwietlic\u0119 \u015brodowiskow\u0105 dla dzieci i m\u0142odzie\u017cy. W\u015br\u00f3d uczestnik\u00f3w s\u0105 dzieci zagro\u017cone marginalizacj\u0105 spo\u0142eczn\u0105. Wsp\u00f3\u0142pracujemy w tym zakresie z zespo\u0142ami pracy socjalnej radomskiego MOPS i pedagogami. Zaj\u0119cia wychowawcze i profilaktyczne w \u015bwietlicy prowadzi wyspecjalizowana kadra w tym psycholog i pedagog. Czynny udzia\u0142 w organizacji zaj\u0119\u0107 bior\u0105 r\u00f3wnie\u017c radomscy wolontariusze.<\/p>\n\n\n\n<p><strong>Standardy Ochrony Ma\u0142oletnich w \u015awietlicy Radomskiego Towarzystwa Dobroczynno\u015bci<\/strong><\/p>\n\n\n\n<p>Dzia\u0142aj\u0105c na podstawie art. 22b<em> ustawy z 13 maja 2016 o przeciwdzia\u0142aniu zagro\u017ceniom na tle seksualnym i ochronie ma\u0142oletnich<\/em>&nbsp; Zarz\u0105d Radomskiego Towarzystwa Dobroczynno\u015bci z&nbsp;dniem 15.02.2024r. wprowadza do stosowania \u201e Standardy Ochrony Ma\u0142oletnich\u201d ( zwane dalej standardami), kt\u00f3rych naczelnym celem jest zapewnienie bezpiecze\u0144stwa ma\u0142oletnim uczestnikom \u015bwietlicy, dba\u0142o\u015b\u0107 o ich dobro, uwzgl\u0119dnianie ich potrzeb i podejmowanie dzia\u0142a\u0144 w ich jak najlepszym interesie.<\/p>\n\n\n\n<p>Zapoznaj si\u0119 z dokumentem&#8230;<\/p>\n\n\n\n<div data-wp-interactive=\"core\/file\" class=\"wp-block-file\"><object data-wp-bind--hidden=\"!state.hasPdfPreview\" hidden class=\"wp-block-file__embed\" data=\"http:\/\/rtd.radom.pl\/wp-content\/uploads\/2026\/01\/STANDARDY-ochrony-maloletnich-RTD.pdf\" type=\"application\/pdf\" style=\"width:100%;height:420px\" aria-label=\"Osadzone z STANDARDY ochrony maloletnich RTD.\"><\/object><a id=\"wp-block-file--media-83622b2c-0a52-4b0c-95b6-700b1f5a83c0\" href=\"http:\/\/rtd.radom.pl\/wp-content\/uploads\/2026\/01\/STANDARDY-ochrony-maloletnich-RTD.pdf\">STANDARDY ochrony maloletnich RTD<\/a><a href=\"http:\/\/rtd.radom.pl\/wp-content\/uploads\/2026\/01\/STANDARDY-ochrony-maloletnich-RTD.pdf\" class=\"wp-block-file__button wp-element-button\" download aria-describedby=\"wp-block-file--media-83622b2c-0a52-4b0c-95b6-700b1f5a83c0\">Pobierz<\/a><\/div>\n\n\n\n<p>\u015awietlica Radomskiego Towarzystwo Dobroczynno\u015bci mie\u015bci si\u0119 w&nbsp;wynajmowanym lokalu w XIII Liceum Og\u00f3lnokszta\u0142c\u0105cym im. Polskich Noblist\u00f3w w Radomiu przy ul. 25 czerwca 79.&nbsp;<strong>Budynek jest dost\u0119pny architektonicznie.<\/strong><\/p>\n\n\n\n<p>Budynek przed wej\u015bciem posiada podjazd dla w\u00f3zk\u00f3w i automatyczne drzwi wej\u015bciowe. Pomieszczenia \u015bwietlicy wraz z zapleczem sanitarnym zlokalizowane s\u0105 na parterze i s\u0105 widocznie oznakowane. Sala gimnastyczna znajduje si\u0119 na parterze i jest do niej swobodny dost\u0119p.<\/p>\n\n\n\n<p>Dojazd mo\u017cliwy jest&nbsp;<strong>autobusami MZDiK&nbsp;<\/strong>linii 3, 6, 13, 16, 18, 24 (przystanek&nbsp;<strong>25 czerwca \/ Struga<\/strong>&nbsp;\u2013 kierunek przejazdu po\u0142udniowy lub przystanek&nbsp;<strong>25 czerwca \/ Wysoka<\/strong>&nbsp;kierunek przejazdu p\u00f3\u0142nocny)<\/p>\n\n\n\n<p>Pomieszczenia \u015bwietlicy s\u0105 zgodne z Rozporz\u0105dzeniem Ministra Pracy i Polityki Spo\u0142ecznej z dnia 13 pa\u017adziernika 2015 r. DZ. U. 2015, poz. 1630 w sprawie wymaga\u0144 lokalowych i sanitarnych, jakie musi spe\u0142ni\u0107 lokal, w kt\u00f3rym ma by\u0107 prowadzona plac\u00f3wka wsparcia dziennego.<\/p>\n\n\n\n<hr class=\"wp-block-separator has-alpha-channel-opacity\"\/>\n\n\n\n<h2 class=\"wp-block-heading\">&#8222;Emocje w oczach dziecka&#8221; to ciekawa wystawa w bibliotece numer 6 w Radomiu<\/h2>\n\n\n\n<p>Najpierw by\u0142 projekt \u201eMoje uczucia \u2013 moje JA\u201d realizowany od maja do pa\u017adziernika przez Radomskie Towarzystwo Dobroczynno\u015bci w \u015bwietlicy opieku\u0144czo-wychowawczej mieszcz\u0105cej si\u0119 w Publicznym Gimnazjum numer 13.<\/p>\n\n\n\n<p>W ramach projektu odby\u0142y si\u0119 warsztaty fotograficzne prowadzone przez Iwon\u0119 Nabzdyk, nauczycielk\u0119 Zespo\u0142u Szk\u00f3\u0142 Budowlanych i specjalistk\u0119 od fotografii. Zaprezentowane na wystawie fotografie to efekt warsztat\u00f3w.<\/p>\n\n\n\n<p>Zdj\u0119cia s\u0105 \u015bwiadectwem wra\u017cliwo\u015bci uczestnik\u00f3w, ale te\u017c pokazuj\u0105 mo\u017cliwo\u015b\u0107 dobrej zabawy i nauki wykorzystywania wsp\u00f3\u0142czesnych technik artystycznych &#8211; podkre\u015bla\u0142y organizatorki. Cz\u0119\u015b\u0107 zdj\u0119\u0107 dzieci zrobi\u0142y technik\u0105 solarigrafii- mog\u0142y zrobi\u0107 aparat fotograficzny z puszki po napoju. Ustawia\u0142y przedmioty i fotografowa\u0142y kompozycje i martwe natury. Mog\u0142y tak\u017ce wyst\u0105pi\u0107 w rolach modelek i modeli, w tajemniczych woalach i szalach, w r\u00f3\u017cnych pozach. To wszystko wida\u0107 na fotografiach.<\/p>\n\n\n\n<p>By\u0142a to nauka i zabawa a tak\u017ce okazja do dobrego wykorzystania czasu wolnego, bez alkoholu i innych u\u017cywek- t\u0142umaczy\u0142a Beata Nowak z Radomskiego Towarzystwa Dobroczynno\u015bci, kt\u00f3ra koordynowa\u0142a projekt.- Warsztaty pozwoli\u0142y na pokazanie dzieciom, \u017ce maj\u0105 r\u00f3\u017cne talenty i s\u0105 w czym\u015b dobre. Prezes RTD, Maria Kszczotek, podzi\u0119kowa\u0142a tym wszystkich, kt\u00f3rzy pomogli przy realizacji projektu. By\u0142y te\u017c oklaski, dyplomy i s\u0142odycze dla m\u0142odych autor\u00f3w zdj\u0119\u0107 i uczestnik\u00f3w zaj\u0119\u0107 w \u015bwietlicy RTD. Efekty pracy obejrza\u0142 te\u017c Tomasz Gogacz, dyrektor PG nr 13. Wystawa jest te\u017c efektem wsp\u00f3\u0142pracy \u015bwietlicy RTD z Zespo\u0142em Szk\u00f3\u0142 Budowlanych.<\/p>\n\n\n\n<p><strong>echodnia.eu <\/strong>     <\/p>\n\n\n\n<p><a href=\"http:\/\/www.echodnia.eu\/radomskie\/kultura\/wystawy\/art\/9149909,emocje-w-oczach-dziecka-to-ciekawa-wystawa-w-bibliotece-numer-6-w-radomiu,id,t.html\" target=\"_blank\" rel=\"noreferrer noopener\">Przejd\u017a do artyku\u0142u<\/a> <\/p>\n","protected":false},"excerpt":{"rendered":"<p>ODS\u0141UCHAJ Radomskie Towarzystwo Dobroczynno\u015bci od roku 2003 prowadzi \u015bwietlic\u0119 \u015brodowiskow\u0105 dla dzieci i m\u0142odzie\u017cy. W\u015br\u00f3d uczestnik\u00f3w s\u0105 dzieci zagro\u017cone marginalizacj\u0105 spo\u0142eczn\u0105. Wsp\u00f3\u0142pracujemy w tym zakresie z zespo\u0142ami pracy socjalnej radomskiego MOPS i pedagogami. Zaj\u0119cia wychowawcze i profilaktyczne w \u015bwietlicy prowadzi wyspecjalizowana kadra w tym psycholog i pedagog. Czynny udzia\u0142 w organizacji zaj\u0119\u0107 bior\u0105 r\u00f3wnie\u017c radomscy [&hellip;]<\/p>\n","protected":false},"author":1,"featured_media":127,"parent":0,"menu_order":0,"comment_status":"closed","ping_status":"closed","template":"","meta":{"footnotes":""},"class_list":["post-29","page","type-page","status-publish","has-post-thumbnail","hentry"],"yoast_head":"<!-- This site is optimized with the Yoast SEO plugin v26.7 - https:\/\/yoast.com\/wordpress\/plugins\/seo\/ -->\n<title>\u015aWIETLICA - Radomskie Towarzystwo Dobroczynno\u015bci<\/title>\n<meta name=\"description\" content=\"Od 2003 roku RTD prowadzi \u015bwietlic\u0119 dla dzieci Znajdziesz tutaj informacje na temat zakresu jej dzia\u0142ania, a tak\u017ce mo\u017cliwo\u015bci wsparcia.\" \/>\n<meta name=\"robots\" content=\"index, follow, max-snippet:-1, max-image-preview:large, max-video-preview:-1\" \/>\n<link rel=\"canonical\" href=\"https:\/\/rtd.radom.pl\/?page_id=29\" \/>\n<meta property=\"og:locale\" content=\"pl_PL\" \/>\n<meta property=\"og:type\" content=\"article\" \/>\n<meta property=\"og:title\" content=\"\u015aWIETLICA - Radomskie Towarzystwo Dobroczynno\u015bci\" \/>\n<meta property=\"og:description\" content=\"Od 2003 roku RTD prowadzi \u015bwietlic\u0119 dla dzieci Znajdziesz tutaj informacje na temat zakresu jej dzia\u0142ania, a tak\u017ce mo\u017cliwo\u015bci wsparcia.\" \/>\n<meta property=\"og:url\" content=\"https:\/\/rtd.radom.pl\/?page_id=29\" \/>\n<meta property=\"og:site_name\" content=\"Radomskie Towarzystwo Dobroczynno\u015bci\" \/>\n<meta property=\"article:modified_time\" content=\"2026-01-23T12:51:16+00:00\" \/>\n<meta property=\"og:image\" content=\"https:\/\/rtd.radom.pl\/wp-content\/uploads\/2026\/01\/bawiace_sie_dzieci_1-1.jpg\" \/>\n\t<meta property=\"og:image:width\" content=\"1600\" \/>\n\t<meta property=\"og:image:height\" content=\"896\" \/>\n\t<meta property=\"og:image:type\" content=\"image\/jpeg\" \/>\n<meta name=\"twitter:card\" content=\"summary_large_image\" \/>\n<meta name=\"twitter:label1\" content=\"Szacowany czas czytania\" \/>\n\t<meta name=\"twitter:data1\" content=\"4 minuty\" \/>\n<script type=\"application\/ld+json\" class=\"yoast-schema-graph\">{\"@context\":\"https:\/\/schema.org\",\"@graph\":[{\"@type\":\"WebPage\",\"@id\":\"https:\/\/rtd.radom.pl\/?page_id=29\",\"url\":\"https:\/\/rtd.radom.pl\/?page_id=29\",\"name\":\"\u015aWIETLICA - Radomskie Towarzystwo Dobroczynno\u015bci\",\"isPartOf\":{\"@id\":\"https:\/\/rtd.radom.pl\/#website\"},\"primaryImageOfPage\":{\"@id\":\"https:\/\/rtd.radom.pl\/?page_id=29#primaryimage\"},\"image\":{\"@id\":\"https:\/\/rtd.radom.pl\/?page_id=29#primaryimage\"},\"thumbnailUrl\":\"https:\/\/rtd.radom.pl\/wp-content\/uploads\/2026\/01\/bawiace_sie_dzieci_1-1.jpg\",\"datePublished\":\"2026-01-18T18:51:05+00:00\",\"dateModified\":\"2026-01-23T12:51:16+00:00\",\"description\":\"Od 2003 roku RTD prowadzi \u015bwietlic\u0119 dla dzieci Znajdziesz tutaj informacje na temat zakresu jej dzia\u0142ania, a tak\u017ce mo\u017cliwo\u015bci wsparcia.\",\"breadcrumb\":{\"@id\":\"https:\/\/rtd.radom.pl\/?page_id=29#breadcrumb\"},\"inLanguage\":\"pl-PL\",\"potentialAction\":[{\"@type\":\"ReadAction\",\"target\":[\"https:\/\/rtd.radom.pl\/?page_id=29\"]}]},{\"@type\":\"ImageObject\",\"inLanguage\":\"pl-PL\",\"@id\":\"https:\/\/rtd.radom.pl\/?page_id=29#primaryimage\",\"url\":\"https:\/\/rtd.radom.pl\/wp-content\/uploads\/2026\/01\/bawiace_sie_dzieci_1-1.jpg\",\"contentUrl\":\"https:\/\/rtd.radom.pl\/wp-content\/uploads\/2026\/01\/bawiace_sie_dzieci_1-1.jpg\",\"width\":1600,\"height\":896},{\"@type\":\"BreadcrumbList\",\"@id\":\"https:\/\/rtd.radom.pl\/?page_id=29#breadcrumb\",\"itemListElement\":[{\"@type\":\"ListItem\",\"position\":1,\"name\":\"Home\",\"item\":\"https:\/\/rtd.radom.pl\/\"},{\"@type\":\"ListItem\",\"position\":2,\"name\":\"\u015aWIETLICA\"}]},{\"@type\":\"WebSite\",\"@id\":\"https:\/\/rtd.radom.pl\/#website\",\"url\":\"https:\/\/rtd.radom.pl\/\",\"name\":\"Radomskie Towarzystwo Dobroczynno\u015bci\",\"description\":\"Jeste\u015bmy Organizacj\u0105 Po\u017cytku Publicznego\",\"publisher\":{\"@id\":\"https:\/\/rtd.radom.pl\/#organization\"},\"potentialAction\":[{\"@type\":\"SearchAction\",\"target\":{\"@type\":\"EntryPoint\",\"urlTemplate\":\"https:\/\/rtd.radom.pl\/?s={search_term_string}\"},\"query-input\":{\"@type\":\"PropertyValueSpecification\",\"valueRequired\":true,\"valueName\":\"search_term_string\"}}],\"inLanguage\":\"pl-PL\"},{\"@type\":\"Organization\",\"@id\":\"https:\/\/rtd.radom.pl\/#organization\",\"name\":\"Radomskie Towarzystwo Dobroczynno\u015bci\",\"url\":\"https:\/\/rtd.radom.pl\/\",\"logo\":{\"@type\":\"ImageObject\",\"inLanguage\":\"pl-PL\",\"@id\":\"https:\/\/rtd.radom.pl\/#\/schema\/logo\/image\/\",\"url\":\"https:\/\/rtd.radom.pl\/wp-content\/uploads\/2026\/01\/rtd_logo_tr.png\",\"contentUrl\":\"https:\/\/rtd.radom.pl\/wp-content\/uploads\/2026\/01\/rtd_logo_tr.png\",\"width\":545,\"height\":512,\"caption\":\"Radomskie Towarzystwo Dobroczynno\u015bci\"},\"image\":{\"@id\":\"https:\/\/rtd.radom.pl\/#\/schema\/logo\/image\/\"}}]}<\/script>\n<!-- \/ Yoast SEO plugin. -->","yoast_head_json":{"title":"\u015aWIETLICA - Radomskie Towarzystwo Dobroczynno\u015bci","description":"Od 2003 roku RTD prowadzi \u015bwietlic\u0119 dla dzieci Znajdziesz tutaj informacje na temat zakresu jej dzia\u0142ania, a tak\u017ce mo\u017cliwo\u015bci wsparcia.","robots":{"index":"index","follow":"follow","max-snippet":"max-snippet:-1","max-image-preview":"max-image-preview:large","max-video-preview":"max-video-preview:-1"},"canonical":"https:\/\/rtd.radom.pl\/?page_id=29","og_locale":"pl_PL","og_type":"article","og_title":"\u015aWIETLICA - Radomskie Towarzystwo Dobroczynno\u015bci","og_description":"Od 2003 roku RTD prowadzi \u015bwietlic\u0119 dla dzieci Znajdziesz tutaj informacje na temat zakresu jej dzia\u0142ania, a tak\u017ce mo\u017cliwo\u015bci wsparcia.","og_url":"https:\/\/rtd.radom.pl\/?page_id=29","og_site_name":"Radomskie Towarzystwo Dobroczynno\u015bci","article_modified_time":"2026-01-23T12:51:16+00:00","og_image":[{"width":1600,"height":896,"url":"https:\/\/rtd.radom.pl\/wp-content\/uploads\/2026\/01\/bawiace_sie_dzieci_1-1.jpg","type":"image\/jpeg"}],"twitter_card":"summary_large_image","twitter_misc":{"Szacowany czas czytania":"4 minuty"},"schema":{"@context":"https:\/\/schema.org","@graph":[{"@type":"WebPage","@id":"https:\/\/rtd.radom.pl\/?page_id=29","url":"https:\/\/rtd.radom.pl\/?page_id=29","name":"\u015aWIETLICA - Radomskie Towarzystwo Dobroczynno\u015bci","isPartOf":{"@id":"https:\/\/rtd.radom.pl\/#website"},"primaryImageOfPage":{"@id":"https:\/\/rtd.radom.pl\/?page_id=29#primaryimage"},"image":{"@id":"https:\/\/rtd.radom.pl\/?page_id=29#primaryimage"},"thumbnailUrl":"https:\/\/rtd.radom.pl\/wp-content\/uploads\/2026\/01\/bawiace_sie_dzieci_1-1.jpg","datePublished":"2026-01-18T18:51:05+00:00","dateModified":"2026-01-23T12:51:16+00:00","description":"Od 2003 roku RTD prowadzi \u015bwietlic\u0119 dla dzieci Znajdziesz tutaj informacje na temat zakresu jej dzia\u0142ania, a tak\u017ce mo\u017cliwo\u015bci wsparcia.","breadcrumb":{"@id":"https:\/\/rtd.radom.pl\/?page_id=29#breadcrumb"},"inLanguage":"pl-PL","potentialAction":[{"@type":"ReadAction","target":["https:\/\/rtd.radom.pl\/?page_id=29"]}]},{"@type":"ImageObject","inLanguage":"pl-PL","@id":"https:\/\/rtd.radom.pl\/?page_id=29#primaryimage","url":"https:\/\/rtd.radom.pl\/wp-content\/uploads\/2026\/01\/bawiace_sie_dzieci_1-1.jpg","contentUrl":"https:\/\/rtd.radom.pl\/wp-content\/uploads\/2026\/01\/bawiace_sie_dzieci_1-1.jpg","width":1600,"height":896},{"@type":"BreadcrumbList","@id":"https:\/\/rtd.radom.pl\/?page_id=29#breadcrumb","itemListElement":[{"@type":"ListItem","position":1,"name":"Home","item":"https:\/\/rtd.radom.pl\/"},{"@type":"ListItem","position":2,"name":"\u015aWIETLICA"}]},{"@type":"WebSite","@id":"https:\/\/rtd.radom.pl\/#website","url":"https:\/\/rtd.radom.pl\/","name":"Radomskie Towarzystwo Dobroczynno\u015bci","description":"Jeste\u015bmy Organizacj\u0105 Po\u017cytku Publicznego","publisher":{"@id":"https:\/\/rtd.radom.pl\/#organization"},"potentialAction":[{"@type":"SearchAction","target":{"@type":"EntryPoint","urlTemplate":"https:\/\/rtd.radom.pl\/?s={search_term_string}"},"query-input":{"@type":"PropertyValueSpecification","valueRequired":true,"valueName":"search_term_string"}}],"inLanguage":"pl-PL"},{"@type":"Organization","@id":"https:\/\/rtd.radom.pl\/#organization","name":"Radomskie Towarzystwo Dobroczynno\u015bci","url":"https:\/\/rtd.radom.pl\/","logo":{"@type":"ImageObject","inLanguage":"pl-PL","@id":"https:\/\/rtd.radom.pl\/#\/schema\/logo\/image\/","url":"https:\/\/rtd.radom.pl\/wp-content\/uploads\/2026\/01\/rtd_logo_tr.png","contentUrl":"https:\/\/rtd.radom.pl\/wp-content\/uploads\/2026\/01\/rtd_logo_tr.png","width":545,"height":512,"caption":"Radomskie Towarzystwo Dobroczynno\u015bci"},"image":{"@id":"https:\/\/rtd.radom.pl\/#\/schema\/logo\/image\/"}}]}},"_links":{"self":[{"href":"https:\/\/rtd.radom.pl\/index.php?rest_route=\/wp\/v2\/pages\/29","targetHints":{"allow":["GET"]}}],"collection":[{"href":"https:\/\/rtd.radom.pl\/index.php?rest_route=\/wp\/v2\/pages"}],"about":[{"href":"https:\/\/rtd.radom.pl\/index.php?rest_route=\/wp\/v2\/types\/page"}],"author":[{"embeddable":true,"href":"https:\/\/rtd.radom.pl\/index.php?rest_route=\/wp\/v2\/users\/1"}],"replies":[{"embeddable":true,"href":"https:\/\/rtd.radom.pl\/index.php?rest_route=%2Fwp%2Fv2%2Fcomments&post=29"}],"version-history":[{"count":6,"href":"https:\/\/rtd.radom.pl\/index.php?rest_route=\/wp\/v2\/pages\/29\/revisions"}],"predecessor-version":[{"id":306,"href":"https:\/\/rtd.radom.pl\/index.php?rest_route=\/wp\/v2\/pages\/29\/revisions\/306"}],"wp:featuredmedia":[{"embeddable":true,"href":"https:\/\/rtd.radom.pl\/index.php?rest_route=\/wp\/v2\/media\/127"}],"wp:attachment":[{"href":"https:\/\/rtd.radom.pl\/index.php?rest_route=%2Fwp%2Fv2%2Fmedia&parent=29"}],"curies":[{"name":"wp","href":"https:\/\/api.w.org\/{rel}","templated":true}]}}